{"id":70,"date":"2025-08-13T20:32:28","date_gmt":"2025-08-13T20:32:28","guid":{"rendered":"https:\/\/hotelbellarosa.cdtrdcongo.org\/?page_id=70"},"modified":"2025-08-13T20:32:28","modified_gmt":"2025-08-13T20:32:28","slug":"accommodations","status":"publish","type":"page","link":"https:\/\/hotelbellarosa.cdtrdcongo.org\/?page_id=70","title":{"rendered":"Accommodations"},"content":{"rendered":"<div class=\"mphb_sc_rooms-wrapper mphb-room-types \">\n<div class=\"mphb-room-type post-244 mphb_room_type type-mphb_room_type status-publish has-post-thumbnail mphb-room-type-adults-2 mphb-room-type-children-0 has-taxes-and-fees\">\n\n\t\n\t\n\n\t<p class=\"post-thumbnail mphb-loop-room-thumbnail\">\n\t<a href=\"https:\/\/hotelbellarosa.cdtrdcongo.org\/?mphb_room_type=simple-vip\">\n\t<img loading=\"lazy\" decoding=\"async\" width=\"1504\" height=\"2016\" src=\"https:\/\/hotelbellarosa.cdtrdcongo.org\/wp-content\/uploads\/2025\/08\/510174134_1279677320826142_2728010099201754214_n.jpg\" class=\"attachment-post-thumbnail size-post-thumbnail wp-post-image\" alt=\"\" srcset=\"https:\/\/hotelbellarosa.cdtrdcongo.org\/wp-content\/uploads\/2025\/08\/510174134_1279677320826142_2728010099201754214_n.jpg 1504w, https:\/\/hotelbellarosa.cdtrdcongo.org\/wp-content\/uploads\/2025\/08\/510174134_1279677320826142_2728010099201754214_n-224x300.jpg 224w, https:\/\/hotelbellarosa.cdtrdcongo.org\/wp-content\/uploads\/2025\/08\/510174134_1279677320826142_2728010099201754214_n-764x1024.jpg 764w, https:\/\/hotelbellarosa.cdtrdcongo.org\/wp-content\/uploads\/2025\/08\/510174134_1279677320826142_2728010099201754214_n-768x1029.jpg 768w, https:\/\/hotelbellarosa.cdtrdcongo.org\/wp-content\/uploads\/2025\/08\/510174134_1279677320826142_2728010099201754214_n-1146x1536.jpg 1146w, https:\/\/hotelbellarosa.cdtrdcongo.org\/wp-content\/uploads\/2025\/08\/510174134_1279677320826142_2728010099201754214_n-600x804.jpg 600w\" sizes=\"auto, (max-width: 1504px) 100vw, 1504px\" \/>\t<\/a>\n\n\t<\/p>\n\n<h2 class=\"mphb-room-type-title entry-title\">\n\n<a class=\"mphb-room-type-title\" href=\"https:\/\/hotelbellarosa.cdtrdcongo.org\/?mphb_room_type=simple-vip\">Simple VIP<\/a>\n\n<\/h2>\n\n\n\n<h3 class=\"mphb-room-type-details-title\">D\u00e9tails<\/h3><ul class=\"mphb-loop-room-type-attributes\">\n\n\n\t<li class=\"mphb-room-type-adults-capacity\"><span class=\"mphb-attribute-title mphb-adults-title\">Adultes :<\/span><span class=\"mphb-attribute-value\">\n\t2\n\t<\/span><\/li>\n\t\n\n\n\n\n\n\n\n\n\n<\/ul>\n\n\t<p class=\"mphb-regular-price\"><strong>Prix \u00e0 partir de:<\/strong>\n\t<span class=\"mphb-price\"><span class=\"mphb-currency\">&#36;<\/span>80<\/span> <span class=\"mphb-price-period\" title=\"Choisissez les dates pour voir les prix pertinents\">par nuit<\/span><span class=\"mphb-tax-information taxes-included\"> (+taxes et frais)<\/span>\n\t<\/p>\n\t\n<p class=\"mphb-view-details-button-wrapper\">\n<a class=\"button mphb-view-details-button\" href=\"https:\/\/hotelbellarosa.cdtrdcongo.org\/?mphb_room_type=simple-vip\" >Voir les d\u00e9tails<\/a>\n<\/p>\n<div class=\"mphb-to-book-btn-wrapper\">\n<form action=\"https:\/\/hotelbellarosa.cdtrdcongo.org\/?mphb_room_type=simple-vip#booking-form-244\" method=\"get\" ><input type=\"hidden\" name=\"mphb_room_type\" value=\"simple-vip\" \/><button type=\"submit\" class=\"button mphb-book-button\" >R\u00e9server<\/button><\/form>\n<br\/><\/div>\n\t\n<\/div>\n\n<div class=\"mphb-room-type post-108 mphb_room_type type-mphb_room_type status-publish has-post-thumbnail mphb_room_type_category-simple-room mphb-room-type-adults-2 mphb-room-type-children-0 has-taxes-and-fees\">\n\n\t\n\t\n\n\t<div class=\"mphb-room-type-images\">\n\t<div id='mphb-flexslider-gallery-1' class='gallery-columns-1 gallery-size-large mphb-gallery-main-slider mphb-flexslider-gallery-wrapper mphb-room-type-gallery-wrapper mphb-gallery-main-slider-69e4a989643ad' data-flexslider-atts='{\"animation\":\"slide\",\"controlNav\":false,\"animationLoop\":true,\"smoothHeight\":true,\"slideshow\":false}' data-group='69e4a989643ad'><ul class=\"slides\"><li class='gallery-item'><span class='gallery-icon landscape'>\n\t\t\t\t<a href=\"https:\/\/hotelbellarosa.cdtrdcongo.org\/?mphb_room_type=chambre-simple\"><img loading=\"lazy\" decoding=\"async\" width=\"1024\" height=\"683\" src=\"https:\/\/hotelbellarosa.cdtrdcongo.org\/wp-content\/uploads\/2025\/08\/room-1-1024x683.jpg\" class=\"attachment-large size-large\" alt=\"\" aria-describedby=\"mphb-flexslider-gallery-1-8\" srcset=\"https:\/\/hotelbellarosa.cdtrdcongo.org\/wp-content\/uploads\/2025\/08\/room-1-1024x683.jpg 1024w, https:\/\/hotelbellarosa.cdtrdcongo.org\/wp-content\/uploads\/2025\/08\/room-1-300x200.jpg 300w, https:\/\/hotelbellarosa.cdtrdcongo.org\/wp-content\/uploads\/2025\/08\/room-1-768x512.jpg 768w, https:\/\/hotelbellarosa.cdtrdcongo.org\/wp-content\/uploads\/2025\/08\/room-1-1536x1024.jpg 1536w, https:\/\/hotelbellarosa.cdtrdcongo.org\/wp-content\/uploads\/2025\/08\/room-1.jpg 1920w\" sizes=\"auto, (max-width: 1024px) 100vw, 1024px\" \/><\/a>\n\t\t\t<\/span><\/li><\/ul>\n\t\t<\/div>\n<div id='mphb-flexslider-gallery-2' class='gallery-columns-4 gallery-size-thumbnail mphb-gallery-thumbnail-slider mphb-flexslider-gallery-wrapper mphb-room-type-gallery-wrapper mphb-gallery-thumbnail-slider-69e4a989643ad' data-flexslider-atts='{\"animation\":\"slide\",\"controlNav\":false,\"animationLoop\":true,\"slideshow\":false,\"itemMargin\":5}' data-group='69e4a989643ad'><ul class=\"slides\"><li class='gallery-item'><span class='gallery-icon landscape'>\n\t\t\t\t<a href='https:\/\/hotelbellarosa.cdtrdcongo.org\/?attachment_id=8'><img loading=\"lazy\" decoding=\"async\" width=\"150\" height=\"150\" src=\"https:\/\/hotelbellarosa.cdtrdcongo.org\/wp-content\/uploads\/2025\/08\/room-1-150x150.jpg\" class=\"attachment-thumbnail size-thumbnail\" alt=\"\" aria-describedby=\"mphb-flexslider-gallery-2-8\" \/><\/a>\n\t\t\t<\/span><\/li><\/ul>\n\t\t<\/div>\n\n\t<\/div>\n\t\n<h2 class=\"mphb-room-type-title entry-title\">\n\n<a class=\"mphb-room-type-title\" href=\"https:\/\/hotelbellarosa.cdtrdcongo.org\/?mphb_room_type=chambre-simple\">Chambre simple<\/a>\n\n<\/h2>\n\n<p>Les extraits sont des r\u00e9sum\u00e9s facultatifs de vos articles, \u00e9crits \u00e0 la main. Il se peut que votre th\u00e8me s\u2019en serve.<\/p>\n\n\n<h3 class=\"mphb-room-type-details-title\">D\u00e9tails<\/h3><ul class=\"mphb-loop-room-type-attributes\">\n\n\n\t<li class=\"mphb-room-type-adults-capacity\"><span class=\"mphb-attribute-title mphb-adults-title\">Adultes :<\/span><span class=\"mphb-attribute-value\">\n\t2\n\t<\/span><\/li>\n\t\n\n\n\n\n\n\n\n\n\n\t<li class=\"mphb-room-type-categories\"><span class=\"mphb-attribute-title mphb-categories-title\">Cat\u00e9gories :<\/span><span class=\"mphb-attribute-value\"> <span class=\"category-simple-room\"><a href=\"https:\/\/hotelbellarosa.cdtrdcongo.org\/?mphb_room_type_category=simple-room\">Chambre simple<\/a><\/span><\/span><\/li>\n\t\n<\/ul>\n\n\t<p class=\"mphb-regular-price\"><strong>Prix \u00e0 partir de:<\/strong>\n\t<span class=\"mphb-price\"><span class=\"mphb-currency\">&#36;<\/span>100<\/span> <span class=\"mphb-price-period\" title=\"Choisissez les dates pour voir les prix pertinents\">par nuit<\/span><span class=\"mphb-tax-information taxes-included\"> (+taxes et frais)<\/span>\n\t<\/p>\n\t\n<p class=\"mphb-view-details-button-wrapper\">\n<a class=\"button mphb-view-details-button\" href=\"https:\/\/hotelbellarosa.cdtrdcongo.org\/?mphb_room_type=chambre-simple\" >Voir les d\u00e9tails<\/a>\n<\/p>\n<div class=\"mphb-to-book-btn-wrapper\">\n<form action=\"https:\/\/hotelbellarosa.cdtrdcongo.org\/?mphb_room_type=chambre-simple#booking-form-108\" method=\"get\" ><input type=\"hidden\" name=\"mphb_room_type\" value=\"chambre-simple\" \/><button type=\"submit\" class=\"button mphb-book-button\" >R\u00e9server<\/button><\/form>\n<br\/><\/div>\n\t\n<\/div>\n\n<div class=\"mphb-room-type post-82 mphb_room_type type-mphb_room_type status-publish has-post-thumbnail mphb_room_type_category-droom mphb_room_type_category-royale-1 mphb-room-type-adults-2 mphb-room-type-children-2 has-taxes-and-fees\">\n\n\t\n\t\n\n\t<div class=\"mphb-room-type-images\">\n\t<div id='mphb-flexslider-gallery-3' class='gallery-columns-1 gallery-size-large mphb-gallery-main-slider mphb-flexslider-gallery-wrapper mphb-room-type-gallery-wrapper mphb-gallery-main-slider-69e4a9896633c' data-flexslider-atts='{\"animation\":\"slide\",\"controlNav\":false,\"animationLoop\":true,\"smoothHeight\":true,\"slideshow\":false}' data-group='69e4a9896633c'><ul class=\"slides\"><li class='gallery-item'><span class='gallery-icon landscape'>\n\t\t\t\t<a href=\"https:\/\/hotelbellarosa.cdtrdcongo.org\/?mphb_room_type=chambre-double\"><img loading=\"lazy\" decoding=\"async\" width=\"1024\" height=\"683\" src=\"https:\/\/hotelbellarosa.cdtrdcongo.org\/wp-content\/uploads\/2025\/08\/room-2.jpg\" class=\"attachment-large size-large\" alt=\"\" aria-describedby=\"mphb-flexslider-gallery-3-9\" \/><\/a>\n\t\t\t<\/span><\/li><\/ul>\n\t\t<\/div>\n<div id='mphb-flexslider-gallery-4' class='gallery-columns-4 gallery-size-thumbnail mphb-gallery-thumbnail-slider mphb-flexslider-gallery-wrapper mphb-room-type-gallery-wrapper mphb-gallery-thumbnail-slider-69e4a9896633c' data-flexslider-atts='{\"animation\":\"slide\",\"controlNav\":false,\"animationLoop\":true,\"slideshow\":false,\"itemMargin\":5}' data-group='69e4a9896633c'><ul class=\"slides\"><li class='gallery-item'><span class='gallery-icon landscape'>\n\t\t\t\t<a href='https:\/\/hotelbellarosa.cdtrdcongo.org\/?attachment_id=9'><img loading=\"lazy\" decoding=\"async\" width=\"150\" height=\"100\" src=\"https:\/\/hotelbellarosa.cdtrdcongo.org\/wp-content\/uploads\/2025\/08\/room-2.jpg\" class=\"attachment-thumbnail size-thumbnail\" alt=\"\" aria-describedby=\"mphb-flexslider-gallery-4-9\" \/><\/a>\n\t\t\t<\/span><\/li><\/ul>\n\t\t<\/div>\n\n\t<\/div>\n\t\n<h2 class=\"mphb-room-type-title entry-title\">\n\n<a class=\"mphb-room-type-title\" href=\"https:\/\/hotelbellarosa.cdtrdcongo.org\/?mphb_room_type=chambre-double\">Chambre double<\/a>\n\n<\/h2>\n\n\n\n<h3 class=\"mphb-room-type-details-title\">D\u00e9tails<\/h3><ul class=\"mphb-loop-room-type-attributes\">\n\n\n\t<li class=\"mphb-room-type-adults-capacity\"><span class=\"mphb-attribute-title mphb-adults-title\">Adultes :<\/span><span class=\"mphb-attribute-value\">\n\t2\n\t<\/span><\/li>\n\t\n\n\t<li class=\"mphb-room-type-children-capacity\"><span class=\"mphb-attribute-title mphb-children-title\">Enfants :<\/span><span class=\"mphb-attribute-value\">\n\t2\n\t<\/span><\/li>\n\t\n\n\n\n\t<li class=\"mphb-room-type-view\"><span class=\"mphb-attribute-title mphb-view-title\">Vue :<\/span><span class=\"mphb-attribute-value\">\n\tLe fleuve\n\t<\/span><\/li>\n\t\n\n\n\n\n\n\t<li class=\"mphb-room-type-categories\"><span class=\"mphb-attribute-title mphb-categories-title\">Cat\u00e9gories :<\/span><span class=\"mphb-attribute-value\"> <span class=\"category-droom\"><a href=\"https:\/\/hotelbellarosa.cdtrdcongo.org\/?mphb_room_type_category=droom\">Chambre double<\/a><\/span>, <span class=\"category-royale-1\"><a href=\"https:\/\/hotelbellarosa.cdtrdcongo.org\/?mphb_room_type_category=royale-1\">Chambre royale<\/a><\/span><\/span><\/li>\n\t\n<\/ul>\n\n<p class=\"mphb-view-details-button-wrapper\">\n<a class=\"button mphb-view-details-button\" href=\"https:\/\/hotelbellarosa.cdtrdcongo.org\/?mphb_room_type=chambre-double\" >Voir les d\u00e9tails<\/a>\n<\/p>\n<div class=\"mphb-to-book-btn-wrapper\">\n<form action=\"https:\/\/hotelbellarosa.cdtrdcongo.org\/?mphb_room_type=chambre-double#booking-form-82\" method=\"get\" ><input type=\"hidden\" name=\"mphb_room_type\" value=\"chambre-double\" \/><button type=\"submit\" class=\"button mphb-book-button\" >R\u00e9server<\/button><\/form>\n<br\/><\/div>\n\t\n<\/div>\n<\/div>\n","protected":false},"excerpt":{"rendered":"","protected":false},"author":1,"featured_media":0,"parent":0,"menu_order":0,"comment_status":"closed","ping_status":"closed","template":"","meta":{"footnotes":""},"class_list":["post-70","page","type-page","status-publish","hentry"],"_links":{"self":[{"href":"https:\/\/hotelbellarosa.cdtrdcongo.org\/index.php?rest_route=\/wp\/v2\/pages\/70","targetHints":{"allow":["GET"]}}],"collection":[{"href":"https:\/\/hotelbellarosa.cdtrdcongo.org\/index.php?rest_route=\/wp\/v2\/pages"}],"about":[{"href":"https:\/\/hotelbellarosa.cdtrdcongo.org\/index.php?rest_route=\/wp\/v2\/types\/page"}],"author":[{"embeddable":true,"href":"https:\/\/hotelbellarosa.cdtrdcongo.org\/index.php?rest_route=\/wp\/v2\/users\/1"}],"replies":[{"embeddable":true,"href":"https:\/\/hotelbellarosa.cdtrdcongo.org\/index.php?rest_route=%2Fwp%2Fv2%2Fcomments&post=70"}],"version-history":[{"count":0,"href":"https:\/\/hotelbellarosa.cdtrdcongo.org\/index.php?rest_route=\/wp\/v2\/pages\/70\/revisions"}],"wp:attachment":[{"href":"https:\/\/hotelbellarosa.cdtrdcongo.org\/index.php?rest_route=%2Fwp%2Fv2%2Fmedia&parent=70"}],"curies":[{"name":"wp","href":"https:\/\/api.w.org\/{rel}","templated":true}]}}